g) = 19*g**2 - 76*g + 14. What are the prime factors of v(21)?
7, 971
Let z be 6/(-4)*30/9. List the prime factors of 2/((-40)/132)*z.
3, 11
Let p be (28 - 9) + (-2 - 0). Suppose 0 = -p*m - 2331 + 10338. List the prime factors of m.
3, 157
Suppose -3*h + o = -68900, -2 = 71*o - 73*o. What are the prime factors of h?
7, 17, 193
Let v(z) = -47*z**3 + z**2 - 2*z - 4. Suppose -2*x - 1 = -r + 1, -r - 6 = 2*x. Let k be v(x). Let l = k + -87. List the prime factors of l.
293
Let w = 0 - -2. Suppose -3*q - w*q = u - 7, 0 = 4*q - 3*u - 17. List the prime factors of 75/q*4/(0 + 2).
3, 5
Let y = 9 - 33. Let a be 3366/(-255)*(-10)/(-4)*(-71)/(-3). List the prime factors of (-3)/y*-2 + a/(-4).
3, 5, 13
Let s = 17 - -35. Let o = s - -88. Suppose o = 12*j - 256. List the prime factors of j.
3, 11
Let q(n) = -n**3 - 25*n**2 - 28*n - 14. Let x(m) = 4*m + 12. Let a(c) = c + 1. Let j(o) = -4*a(o) + 2*x(o). Let d be j(-11). What are the prime factors of q(d)?
2, 41
Let n(k) = 154*k**2 - 33*k - 1. Suppose -49*s = -70*s + 63. List the prime factors of n(s).
2, 643
Let y = 206 + -138. Let p be y/11 + 30/(-165). Suppose p*i = 2*i + 128. What are the prime factors of i?
2
List the prime factors of (17270/(-77))/((-13)/1820).
2, 5, 157
Let s = 25806 - 10063. List the prime factors of s.
7, 13, 173
Let r(w) = 455*w + 920. What are the prime factors of r(31)?
5, 601
Suppose -2*o + 3124 = -n, -4*o + 4*n = -2*o - 3130. Let w = -909 + o. List the prime factors of w.
2, 163
What are the prime factors of 2*((-118209)/(-26) + 9)?
3, 3037
Let t = 0 + 335. Suppose -332*b - 4173 = -t*b. What are the prime factors of b?
13, 107
Suppose 0 = 3*m + 5*n - 63, 9*m + 2*n = 6*m + 63. Let i(k) = 2*k**3 - 42*k**2 + 5*k - 39. List the prime factors of i(m).
2, 3, 11
Let q(p) = 1728 - 15*p**2 + 68*p**2 - 18*p**2 + 12*p - 15*p**2 - 19*p**2. What are the prime factors of q(0)?
2, 3
Let i(u) = 619*u**2 - 133*u - 1036. List the prime factors of i(-9).
2, 5, 503
Let m = 2306 - -2305. List the prime factors of m.
3, 29, 53
Let j = -17231 - -70857. List the prime factors of j.
2, 26813
Let b(z) = -59*z - 18. Suppose 2*y + 0 + 18 = 0. Let q be b(y). Suppose 2*t + 4*x - 524 = 0, -560 = -4*t - 3*x + q. List the prime factors of t.
2, 17
Let t = -114 + 45. What are the prime factors of (-1 - -221)*(-1 - t/12)?
5, 11, 19
Let f = -613 + -39. Let z = 286 - f. What are the prime factors of z?
2, 7, 67
Let a(o) = -o - 9. Let c be a(-6). Let b be (47/c)/(-4 + (-22)/(-6)). Let l = b - 40. List the prime factors of l.
7
Suppose 5*g = 3*h + 9, 3*h + g - 4*g = -3. Let x(j) = 5 - j**2 + j**2 + j**3 - 2*j**2 - 2*j**h. List the prime factors of x(4).
5
Let t(d) = 855*d + 225. List the prime factors of t(5).
2, 3, 5
Suppose h - 2*x - 7703 = 0, 4*h - h + 4*x - 23189 = 0. List the prime factors of h.
3, 31, 83
Suppose 2*g = -4*g + 84. Suppose 15 = 5*b + 3*o, 4*b + 0*o - g = -2*o. Suppose -b*k + 768 = 6*k. List the prime factors of k.
2
Let n = -2528 + 4694. What are the prime factors of n?
2, 3, 19
Let l(a) = -9*a + 12. Let p(n) = -n**2 - 8*n + 12. Let q be p(-7). Suppose 3*x = 4*t - q, -t = 3*x + 16 + 28. What are the prime factors of l(x)?
3, 43
Let l = 20249 - 7549. List the prime factors of l.
2, 5, 127
Let i(u) = 781*u + 806. List the prime factors of i(7).
3, 17, 41
Let r = -154 - -69. Let t = -85 - r. Let w(i) = i**3 + 36. What are the prime factors of w(t)?
2, 3
Let c(h) = h**2 - 8*h + 12. Let g be c(6). Suppose g = -4*m - 245 + 789. Suppose -8*v - m = -832. List the prime factors of v.
3, 29
List the prime factors of ((-126625)/190 - 7/133)*-34.
17, 31, 43
Let m = 21 + -20. Suppose m = -5*j + 341. What are the prime factors of 6/4*j/6 + -2?
3, 5
Let n(h) = 11*h + 10. Let o be n(-5). Let z = 48 + o. Let t(m) = 2*m**2 - 10*m + 18. What are the prime factors of t(z)?
2, 3
Suppose 43*y - 9815 = 9707. Let a = -220 + y. What are the prime factors of a?
2, 3, 13
Suppose 38*y + 75 = 35*y. Let t(w) = -26*w + 57. List the prime factors of t(y).
7, 101
Suppose 4 = b + f, 4*b - 2*f + 2 = -0. Suppose 2*u = 2*q + 28, -q - u = q + 22. List the prime factors of (b*q)/(-10 + 8).
2, 3
Let j(l) = 236*l**2 - 9*l - 15. Let p be j(-3). Suppose 10*n = p + 124. List the prime factors of n.
2, 113
Let q be (-4)/(-10) + (-8)/((-600)/(-555)). What are the prime factors of (q + (-616)/(-42))/(1/111)?
23, 37
Let u(m) = m**2 + 12*m + 14. Let h be u(-8). Let a be 1857/13 + h/(-117). List the prime factors of a - (-6)/9*(6 - 3).
5, 29
Let z be (-3*(-3)/9)/1. Let o be 0/(-2) - (-2 + 1 - -899). List the prime factors of (o/(-9) + (-2)/(-9))/z.
2, 5
Suppose -r + 37 = 3*m, -r = -m - 1 + 8. Suppose -m*v + 1805 = -2199. What are the prime factors of v?
2, 7, 13
Let s = 4 + 0. Suppose 856 = 2*o - 192. Suppose -o = -4*l - s*n, 2*n + 148 = l + 8. List the prime factors of l.
2, 67
Let t = 69 + -66. Suppose 0 = -t*l - 3, 2*s + 4*l - 149 = 359. List the prime factors of s.
2
Let v(m) = m + 10. Let b be v(-4). Let y(a) = -b*a + a - 2 + 6*a - 2. List the prime factors of y(23).
19
Let h(o) = -o**3 - 13*o**2 - 2*o - 10. Let x be h(-13). Suppose -x*a = 6*a - 5764. List the prime factors of a.
2, 131
Let n be (2/(-4))/((-3)/6) + -1. Suppose -2*o + n = -2*x - 4, 0 = -4*o. List the prime factors of (2/12*-2)/(x/618).
103
Let n(f) = 0*f**2 - 5 - 2 + f**2. Let t be n(3). Suppose 141 - 27 = 5*s - t*z, 0 = 5*z - 15. List the prime factors of s.
2, 3
Let c = 83 + -75. Suppose -c*y + 36 = -12. Suppose 0 = y*o - 8 - 1024. What are the prime factors of o?
2, 43
Let z = 17 + -4. Let i(g) = 62*g + 35. Let o(c) = 31*c + 17. Let a(r) = z*o(r) - 6*i(r). List the prime factors of a(3).
2, 13
Suppose -n + 160 = -4*f, 2*n - 160 = -f + 5*f. Let w = f + 6. Let v = -32 - w. What are the prime factors of v?
2
Suppose 0 = -2*a + 97 + 117. Suppose -69 = -b + 2*d, 9*b - 5*b + d - 303 = 0. Let g = a - b. List the prime factors of g.
2
Let g = 17078 - 9695. List the prime factors of g.
3, 23, 107
Let z = -376 - -2959. List the prime factors of z.
3, 7, 41
Let f = -4657 + 8072. List the prime factors of f.
5, 683
Let x(n) be the third derivative of -9*n**4/8 + n**2. Let h(u) = -28*u + 1. Let g(p) = -4*h(p) + 3*x(p). List the prime factors of g(1).
3
Let d = 500 + -323. Suppose -d*u - 358 = -179*u. List the prime factors of u.
179
Let t(g) = g**2 + 15*g - 20. Let h be t(-16). Let u be 160/24 + h/6. Suppose -11*j + u*j + 200 = 0. List the prime factors of j.
2, 5
Suppose 4*x - 50 = -26. Suppose -20 = h - x*h. Let v(g) = 16*g - 18. List the prime factors of v(h).
2, 23
Let l(s) = s**3 + 8*s**2 + 12*s + 2. Let a be l(-5). Suppose -3849 - 7660 = -a*w. What are the prime factors of w?
677
Suppose -a + 8*t - 7*t + 15449 = 0, -3*a + 46327 = 2*t. What are the prime factors of a?
5, 3089
Suppose -41*c - 27*c = 16*c - 7090356. What are the prime factors of c?
13, 43, 151
Let s(q) = -591*q - 452. List the prime factors of s(-8).
2, 1069
Let r(v) = 343*v**2 + 24*v + 159. List the prime factors of r(7).
2, 13, 659
Let s be ((-36)/(1*(-3 + 1)))/2. Suppose -7*y + s = -5. Suppose d - 2*p = 80, -2*p - 320 = -y*d - 2*d. List the prime factors of d.
2, 5
Let j = 5468 - 2692. What are the prime factors of j?
2, 347
Let m(n) = 52*n + 109. Let u be m(-2). Let b(c) = 7*c**3 - 2*c**2 - 14*c + 13. What are the prime factors of b(u)?
2, 3
Let s = -1473 - -743. Let q = s + 1546. List the prime factors of q.
2, 3, 17
Let i(r) = 6*r**3 - 2*r**2 + 46*r - 18. What are the prime factors of i(8)?
2, 3, 61
Let h be (21/4)/(6/16). Let v(m) = m - 24. Let x be v(h). What are the prime factors of x/35 - (-3284)/28?
3, 13
Let v(k) = 11*k**3 + 3*k**2 - 3*k + 11. Let n(g) = -g**3 + g. Let f(o) = -6*n(o) - v(o). What are the prime factors of f(-3)?
2, 53
Let v(z) = 72*z**3 - z**2 + 8*z - 84. What are the prime factors of v(4)?
2, 5, 227
List the prime factors of 63249/3 - (70 - 54).
21067
Let c(p) = -14*p - 2. Let s(y) = 2*y**2 + 30*y - 56. Let o be s(-16). List the prime factors of c(o).
2, 167
List the prime factors of (26012/16 - 5)/(1/4).
3, 2161
Suppose 0 = h + 576 - 2307. Let w = 1215 - h. List the prime factors of (w/10 + 0)/((-40)/100).
3, 43
Suppose -8*b + 45476 = -12340. What are the prime factors of b?
3, 11, 73
Let k be ((-5547)/(-4))/((207/12)/23). Suppose 0*b = 4*p + b - k, -1864 = -4*p - 4*b. What are the 